est common factor of 924 and 352.
44
Calculate the greatest common factor of 23 and 10511.
23
What is the highest common divisor of 8 and 200?
8
Calculate the greatest common factor of 26 and 6.
2
What is the highest common divisor of 180 and 240?
60
What is the greatest common divisor of 6 and 102?
6
What is the greatest common divisor of 851 and 46?
23
Calculate the highest common factor of 299 and 65.
13
Calculate the highest common factor of 99 and 351.
9
Calculate the greatest common factor of 1251 and 9.
9
What is the highest common factor of 590 and 177?
59
What is the highest common divisor of 185 and 5?
5
Calculate the greatest common factor of 34344 and 12.
12
What is the highest common factor of 12 and 14748?
12
Calculate the highest common divisor of 431 and 1.
1
Calculate the greatest common factor of 5106 and 6.
6
What is the highest common divisor of 8 and 16?
8
What is the greatest common factor of 108 and 5400?
108
Calculate the highest common divisor of 15525 and 207.
207
What is the greatest common factor of 1170 and 558?
18
Calculate the highest common divisor of 51 and 1479.
51
Calculate the greatest common divisor of 153 and 612.
153
What is the greatest common factor of 340 and 240?
20
What is the greatest common factor of 132 and 60?
12
Calculate the greatest common divisor of 43 and 2.
1
Calculate the greatest common divisor of 27 and 81.
27
Calculate the highest common factor of 28 and 266.
14
Calculate the greatest common factor of 6270 and 20.
10
What is the highest common divisor of 211 and 1477?
211
Calculate the highest common factor of 32 and 5344.
32
What is the highest common divisor of 312 and 2106?
78
What is the highest common factor of 147 and 105?
21
Calculate the greatest common factor of 6 and 807.
3
What is the highest common factor of 497 and 77?
7
What is the highest common divisor of 62 and 8618?
62
Calculate the greatest common factor of 1836 and 1428.
204
Calculate the highest common factor of 2 and 22.
2
Calculate the highest common divisor of 341 and 7440.
31
Calculate the greatest common factor of 88 and 66.
22
Calculate the highest common factor of 20 and 115.
5
Calculate the greatest common factor of 271 and 24.
1
What is the highest common divisor of 294 and 168?
42
What is the highest common divisor of 198 and 693?
99
Calculate the highest common divisor of 448 and 56.
56
What is the greatest common factor of 60 and 2724?
12
Calculate the highest common divisor of 5 and 1555.
5
What is the highest common factor of 35115 and 45?
15
What is the highest common factor of 667 and 3973?
29
What is the highest common divisor of 684 and 1102?
38
What is the greatest common factor of 731 and 68?
17
Calculate the highest common divisor of 649 and 59.
59
Calculate the highest common divisor of 315 and 3402.
63
Calculate the highest common divisor of 38 and 2698.
38
What is the greatest common factor of 2134 and 154?
22
Calculate the highest common factor of 11 and 154.
11
What is the greatest common divisor of 987 and 21?
21
Calculate the greatest common divisor of 332 and 44.
4
Calculate the highest common divisor of 9 and 288.
9
Calculate the highest common factor of 260 and 180.
20
Calculate the highest common divisor of 750 and 60.
30
Calculate the greatest common factor of 96 and 3.
3
What is the greatest common factor of 416 and 128?
32
What is the highest common divisor of 12 and 438?
6
What is the greatest common factor of 89 and 1246?
89
Calculate the highest common factor of 280 and 8470.
70
Calculate the greatest common divisor of 56 and 532.
28
What is the greatest common factor of 4 and 64?
4
What is the greatest common divisor of 54 and 2619?
27
Calculate the greatest common divisor of 697 and 17.
17
What is the highest common divisor of 5886 and 27?
27
What is the greatest common divisor of 21 and 56?
7
What is the highest common divisor of 252 and 1116?
36
Calculate the greatest common divisor of 63 and 387.
9
Calculate the highest common factor of 198 and 165.
33
Calculate the highest common factor of 16 and 3232.
16
What is the greatest common divisor of 24 and 186?
6
What is the highest common divisor of 147 and 462?
21
Calculate the highest common factor of 89 and 2403.
89
Calculate the greatest common factor of 384 and 6.
6
What is the highest common factor of 513 and 1485?
27
Calculate the highest common factor of 1963 and 604.
151
What is the highest common divisor of 252 and 108?
36
Calculate the greatest common divisor of 480 and 6048.
96
What is the highest common factor of 470 and 50?
10
What is the highest common factor of 91 and 169?
13
What is the greatest common factor of 1023 and 558?
93
What is the highest common factor of 42 and 2814?
42
Calculate the greatest common divisor of 150 and 20.
10
What is the highest common divisor of 243 and 72?
9
Calculate the greatest common divisor of 2696 and 4.
4
Calculate the greatest common factor of 688 and 86.
86
Calculate the highest common divisor of 13 and 104.
13
What is the highest common factor of 512 and 224?
32
What is the greatest common divisor of 17 and 8483?
17
Calculate the highest common divisor of 49 and 7.
7
What is the greatest common divisor of 80 and 72?
8
What is the highest common factor of 6 and 1038?
6
What is the greatest common factor of 497 and 71?
71
Calculate the greatest common divisor of 15 and 4944.
3
Calculate the highest common factor of 31 and 1.
1
Calculate the greatest common factor of 72 and 18.
18
What is the highest common divisor of 18 and 153?
9
What is the greatest common factor of 196 and 17150?
98
What is the greatest common divisor of 41 and 41?
41
Calculate the greatest common divisor of 13882 and 110.
22
What is the greatest common factor of 139 and 32?
1
Calculate the greatest common factor of 4 and 14164.
4
What is the greatest common divisor of 30 and 60?
30
Calculate the highest common divisor of 3 and 15.
3
What is the greatest common divisor of 9 and 5949?
9
Calculate the greatest common divisor of 67 and 1675.
67
What is the highest common divisor of 30 and 22290?
30
Calculate the greatest common divisor of 8 and 248.
8
What is the greatest common factor of 60 and 11805?
15
What is the highest common factor of 488 and 7442?
122
Calculate the highest common divisor of 149512 and 88.
88
Calculate the highest common factor of 39064 and 304.
152
Calculate the greatest common divisor of 2 and 23.
1
What is the greatest common factor of 611 and 312?
13
What is the highest common divisor of 512 and 16?
16
Calculate the highest common factor of 20 and 8020.
20
Calculate the greatest common factor of 3223 and 88.
11
What is the greatest common factor of 150 and 625?
25
Calculate the highest common factor of 21 and 18.
3
Calculate the highest common factor of 12 and 372.
12
What is the highest common divisor of 1326 and 637?
13
What is the highest common factor of 426 and 2698?
142
Calculate the greatest common divisor of 50 and 575.
25
What is the greatest common factor of 42 and 987?
21
What is the highest common divisor of 221 and 153?
17
What is the greatest common divisor of 286 and 44?
22
What is the greatest common factor of 260 and 2405?
65
Calculate the greatest common factor of 49 and 175.
7
Calculate the highest common divisor of 72 and 84.
12
What is the highest common divisor of 135612 and 36?
36
What is the highest common factor of 1120 and 5768?
56
Calculate the greatest common factor of 168 and 96.
24
What is the highest common divisor of 39 and 11843?
13
Calculate the highest common divisor of 861 and 41.
41
Calculate the highest common factor of 58 and 87.
29
What is the highest common divisor of 15194 and 284?
142
What is the greatest common factor of 1210 and 50?
10
What is the highest common divisor of 403 and 62?
31
What is the greatest common divisor of 259 and 111?
37
Calculate the greatest common divisor of 12 and 32.
4
What is the greatest common divisor of 71 and 1278?
71
Calculate the greatest common factor of 85 and 1513.
17
Calculate the highest common factor of 154 and 238.
14
Calculate the highest common divisor of 8319 and 177.
177
What is the highest common factor of 145 and 10?
5
Calculate the greatest common divisor of 28 and 4.
4
What is the gre